{"id":220,"date":"2019-09-16T12:03:55","date_gmt":"2019-09-16T12:03:55","guid":{"rendered":"https:\/\/new.kategorimagazaciligi.org\/?page_id=220"},"modified":"2025-02-12T07:42:10","modified_gmt":"2025-02-12T07:42:10","slug":"yonetim-kurulu-2","status":"publish","type":"page","link":"https:\/\/www.zincirmagazalar.org\/?page_id=220","title":{"rendered":"Y\u00f6netim Kurulu"},"content":{"rendered":"\t\t<div data-elementor-type=\"wp-page\" data-elementor-id=\"220\" class=\"elementor elementor-220\">\n\t\t\t\t\t\t<section class=\"elementor-section elementor-top-section elementor-element elementor-element-1b64c6d elementor-section-boxed elementor-section-height-default elementor-section-height-default\" data-id=\"1b64c6d\" data-element_type=\"section\">\n\t\t\t\t\t\t<div class=\"elementor-container elementor-column-gap-default\">\n\t\t\t\t\t<div class=\"elementor-column elementor-col-100 elementor-top-column elementor-element elementor-element-396640b\" data-id=\"396640b\" data-element_type=\"column\">\n\t\t\t<div class=\"elementor-widget-wrap elementor-element-populated\">\n\t\t\t\t\t\t<div class=\"elementor-element elementor-element-1cef6c6 elementor-widget elementor-widget-image\" data-id=\"1cef6c6\" data-element_type=\"widget\" data-widget_type=\"image.default\">\n\t\t\t\t<div class=\"elementor-widget-container\">\n\t\t\t\t\t\t\t\t\t\t\t\t\t\t\t<img fetchpriority=\"high\" decoding=\"async\" width=\"1575\" height=\"1050\" src=\"https:\/\/www.zincirmagazalar.org\/wp-content\/uploads\/2024\/10\/zmd-yonetim-kurulu-2024.jpg\" class=\"attachment-full size-full wp-image-3552\" alt=\"\" srcset=\"https:\/\/www.zincirmagazalar.org\/wp-content\/uploads\/2024\/10\/zmd-yonetim-kurulu-2024.jpg 1575w, https:\/\/www.zincirmagazalar.org\/wp-content\/uploads\/2024\/10\/zmd-yonetim-kurulu-2024-300x200.jpg 300w, https:\/\/www.zincirmagazalar.org\/wp-content\/uploads\/2024\/10\/zmd-yonetim-kurulu-2024-1024x683.jpg 1024w, https:\/\/www.zincirmagazalar.org\/wp-content\/uploads\/2024\/10\/zmd-yonetim-kurulu-2024-768x512.jpg 768w, https:\/\/www.zincirmagazalar.org\/wp-content\/uploads\/2024\/10\/zmd-yonetim-kurulu-2024-1536x1024.jpg 1536w, https:\/\/www.zincirmagazalar.org\/wp-content\/uploads\/2024\/10\/zmd-yonetim-kurulu-2024-696x464.jpg 696w, https:\/\/www.zincirmagazalar.org\/wp-content\/uploads\/2024\/10\/zmd-yonetim-kurulu-2024-1068x712.jpg 1068w, https:\/\/www.zincirmagazalar.org\/wp-content\/uploads\/2024\/10\/zmd-yonetim-kurulu-2024-630x420.jpg 630w\" sizes=\"(max-width: 1575px) 100vw, 1575px\" \/>\t\t\t\t\t\t\t\t\t\t\t\t\t\t\t<\/div>\n\t\t\t\t<\/div>\n\t\t\t\t<div class=\"elementor-element elementor-element-a3d6ad0 elementor-widget elementor-widget-text-editor\" data-id=\"a3d6ad0\" data-element_type=\"widget\" data-widget_type=\"text-editor.default\">\n\t\t\t\t<div class=\"elementor-widget-container\">\n\t\t\t\t\t\t\t\t\t<p><strong>Y\u00f6netim Kurulu \u00dcyeleri:<\/strong><br \/><strong>Y\u00f6netim Kurulu Ba\u015fkan\u0131<\/strong><br \/>Serhan T\u0131nastepe<br \/><strong>Parfois<\/strong><\/p><p>Bahad\u0131r \u00d6zbek &#8211; <strong>Shaya<\/strong><br \/>B\u00fclent G\u00fcrcan &#8211; <strong>Odak<\/strong><br \/>Doruk Cenk\u00e7i &#8211; <strong>Do\u011fu\u015f Grubu<\/strong><br \/>Elif Berker &#8211; <strong>Yves Rocher<\/strong><br \/>Ender \u00d6zg\u00fcn &#8211; <strong>HepsiBurada<\/strong><br \/>Eren \u00c7amurdan &#8211; <strong>Boyner<\/strong><br \/>Erkmen Onbulak &#8211; <strong>Karaca<\/strong><br \/>Evren Kutlu &#8211; <strong>Atasun Optik<\/strong><br \/>Hadi Mert Karaibrahimo\u011flu &#8211; <strong>Penti<\/strong><br \/>Haldun Pak &#8211; <strong>Rasyotek<\/strong><br \/>Handan Abdurrahmano\u011flu &#8211; <strong>Ar\u00e7elik<\/strong><br \/>Hulusi Acar &#8211; <strong>Mediamarkt<\/strong><br \/>Kamil Hilal Suerdem &#8211; <strong>Ki\u011f\u0131l\u0131<\/strong><br \/>Kerim Ni\u015fel &#8211; <strong>Ikea<\/strong><br \/>Muharrem Mete Yurdda\u015f &#8211; <strong>Watsons<\/strong><br \/>Murat Demiro\u011flu &#8211; <strong>Nebim<\/strong><br \/>Murat Helvac\u0131 &#8211; <strong>Eczac\u0131ba\u015f\u0131<\/strong><br \/>Mustafa Akdo\u011fan &#8211; <strong>Turkcell<\/strong><br \/>Mustafa Alt\u0131nda\u011f &#8211; <strong>DR<\/strong><br \/>Nihat Erciyas &#8211; <strong>Erciyas<\/strong> <strong>Hukuk<\/strong><br \/>Nilay P\u0131narc\u0131 B\u00f6l\u00fckba\u015f\u0131 &#8211; <strong>Decathlon<\/strong><br \/>O\u011fuzkan \u015eat\u0131ro\u011flu &#8211; <strong>Ko\u00e7ta\u015f<\/strong><br \/>Osman \u00c7olak &#8211; <strong>T\u00fcrk<\/strong> <strong>Telekom<\/strong><br \/>Osman Kaz\u0131m Mavu\u015f &#8211; <strong>Evidea<\/strong><br \/>Serdar Ersoy &#8211; <strong>Ecrou<\/strong><br \/>Serhat \u00dcnverdi &#8211; <strong>Mudo<\/strong><br \/>Sinem \u0130\u00e7bilen Tani\u015f &#8211; <strong>Estee<\/strong> <strong>Lauder<\/strong><br \/>Sinem Turanl\u0131 &#8211; <strong>Sephora<\/strong><br \/>Sitare Sezgin &#8211; <strong>Teknosa<\/strong><br \/>\u015eeyda M\u0131s\u0131r &#8211; <strong>L\u2019Oreal<\/strong><br \/>Tar\u0131k Lelo\u011flu &#8211; <strong>Vestel<\/strong><br \/>Tuncer G\u00fclsaran &#8211; <strong>Daikin<\/strong><br \/>Ufuk Memo\u011flu &#8211; <strong>Guess<\/strong><br \/>Yenal G\u00f6ky\u0131ld\u0131r\u0131m &#8211; <strong>FLO<\/strong><br \/>Yomi Kastro \u2013 <strong>Inveon<\/strong><\/p><p><strong>Denetim Kurulu \u00dcyeleri:<\/strong><br \/>Ayd\u0131n \u00d6zyurt &#8211; <strong>Xplace<\/strong><br \/>B\u00fclent Dal &#8211; <strong>Obase<\/strong><br \/>Erhan K\u0131z\u0131lme\u015fe &#8211; <strong>Kutup Pazarlama<\/strong><br \/>Fatih Derek\u00f6yl\u00fc &#8211; <strong>Linens<\/strong><br \/>Filiz B\u00fclb\u00fcl &#8211; <strong>Dolpfin<\/strong><br \/>\u0130lker \u00d6zkocac\u0131k &#8211; <strong>Horoz Lojistik<\/strong><\/p>\t\t\t\t\t\t\t\t<\/div>\n\t\t\t\t<\/div>\n\t\t\t\t\t<\/div>\n\t\t<\/div>\n\t\t\t\t\t<\/div>\n\t\t<\/section>\n\t\t\t\t<\/div>\n\t\t","protected":false},"excerpt":{"rendered":"<p>Y\u00f6netim Kurulu \u00dcyeleri: Y\u00f6netim Kurulu Ba\u015fkan\u0131 Serhan T\u0131nastepe Parfois Bahad\u0131r \u00d6zbek &#8211; Shaya B\u00fclent G\u00fcrcan &#8211; Odak Doruk Cenk\u00e7i &#8211; Do\u011fu\u015f Grubu Elif Berker &#8211; Yves Rocher Ender \u00d6zg\u00fcn &#8211; HepsiBurada Eren \u00c7amurdan &#8211; Boyner Erkmen Onbulak &#8211; Karaca Evren Kutlu &#8211; Atasun Optik Hadi Mert Karaibrahimo\u011flu &#8211; Penti Haldun Pak &#8211; Rasyotek Handan Abdurrahmano\u011flu [&hellip;]<\/p>\n","protected":false},"author":1,"featured_media":0,"parent":0,"menu_order":0,"comment_status":"closed","ping_status":"closed","template":"","meta":{"footnotes":""},"class_list":["post-220","page","type-page","status-publish"],"_links":{"self":[{"href":"https:\/\/www.zincirmagazalar.org\/index.php?rest_route=\/wp\/v2\/pages\/220","targetHints":{"allow":["GET"]}}],"collection":[{"href":"https:\/\/www.zincirmagazalar.org\/index.php?rest_route=\/wp\/v2\/pages"}],"about":[{"href":"https:\/\/www.zincirmagazalar.org\/index.php?rest_route=\/wp\/v2\/types\/page"}],"author":[{"embeddable":true,"href":"https:\/\/www.zincirmagazalar.org\/index.php?rest_route=\/wp\/v2\/users\/1"}],"replies":[{"embeddable":true,"href":"https:\/\/www.zincirmagazalar.org\/index.php?rest_route=%2Fwp%2Fv2%2Fcomments&post=220"}],"version-history":[{"count":55,"href":"https:\/\/www.zincirmagazalar.org\/index.php?rest_route=\/wp\/v2\/pages\/220\/revisions"}],"predecessor-version":[{"id":3826,"href":"https:\/\/www.zincirmagazalar.org\/index.php?rest_route=\/wp\/v2\/pages\/220\/revisions\/3826"}],"wp:attachment":[{"href":"https:\/\/www.zincirmagazalar.org\/index.php?rest_route=%2Fwp%2Fv2%2Fmedia&parent=220"}],"curies":[{"name":"wp","href":"https:\/\/api.w.org\/{rel}","templated":true}]}}