{"id":211,"date":"2019-09-16T12:01:24","date_gmt":"2019-09-16T12:01:24","guid":{"rendered":"https:\/\/new.kategorimagazaciligi.org\/?page_id=211"},"modified":"2026-02-06T06:12:22","modified_gmt":"2026-02-06T06:12:22","slug":"genel-sekreterlik-2","status":"publish","type":"page","link":"https:\/\/www.zincirmagazalar.org\/?page_id=211","title":{"rendered":"Genel Sekreterlik"},"content":{"rendered":"\t\t<div data-elementor-type=\"wp-page\" data-elementor-id=\"211\" class=\"elementor elementor-211\">\n\t\t\t\t\t\t<section class=\"elementor-section elementor-top-section elementor-element elementor-element-b9ea0a4 elementor-section-boxed elementor-section-height-default elementor-section-height-default\" data-id=\"b9ea0a4\" data-element_type=\"section\">\n\t\t\t\t\t\t<div class=\"elementor-container elementor-column-gap-default\">\n\t\t\t\t\t<div class=\"elementor-column elementor-col-100 elementor-top-column elementor-element elementor-element-0bcf471\" data-id=\"0bcf471\" data-element_type=\"column\">\n\t\t\t<div class=\"elementor-widget-wrap elementor-element-populated\">\n\t\t\t\t\t\t<div class=\"elementor-element elementor-element-dd3f7ad elementor-widget elementor-widget-text-editor\" data-id=\"dd3f7ad\" data-element_type=\"widget\" data-widget_type=\"text-editor.default\">\n\t\t\t\t<div class=\"elementor-widget-container\">\n\t\t\t\t\t\t\t\t\t<p>Zincir Ma\u011fazalar Derne\u011fi\u2019nin kurumsal yap\u0131s\u0131 i\u00e7erisinde, misyonunu en etkili \u015fekilde yerine getirmesi i\u00e7in \u00e7al\u0131\u015fan Zincir Ma\u011fazalar Derne\u011fi\u00a0Genel Sekreterlik ekibi, \u00fcyeler ve y\u00f6netim kurulu aras\u0131nda etkin ileti\u015fim sa\u011flaman\u0131n yan\u0131 s\u0131ra proje ve e\u011fitim koordinasyonu, veri ve bilgi toplama ile uluslararas\u0131 kurulu\u015flarla ger\u00e7ekle\u015ftirilen i\u015f birliklerinin takibi gibi \u00f6nemli \u00e7al\u0131\u015fmalara imza at\u0131yor.\u00a0<\/p><p>Egemen Sayra\u00e7<br \/><b>Genel Sekreter<\/b><br \/><a href=\"mailto:esayrac@zincirmagazalar.org\">esayrac@zincirmagazalar.org<\/a><\/p><p>Benek Gen\u00e7ero\u011flu<br \/><b>Muhasebe-Finans ve \u00dcyelik <\/b><b>\u0130\u015flemleri Y\u00f6neticisi<\/b><br \/><a href=\"mailto:bgenceroglu@zincirmagazalar.org\">bgenceroglu@zincirmagazalar.org<\/a><\/p>\t\t\t\t\t\t\t\t<\/div>\n\t\t\t\t<\/div>\n\t\t\t\t\t<\/div>\n\t\t<\/div>\n\t\t\t\t\t<\/div>\n\t\t<\/section>\n\t\t\t\t<\/div>\n\t\t","protected":false},"excerpt":{"rendered":"<p>Zincir Ma\u011fazalar Derne\u011fi\u2019nin kurumsal yap\u0131s\u0131 i\u00e7erisinde, misyonunu en etkili \u015fekilde yerine getirmesi i\u00e7in \u00e7al\u0131\u015fan Zincir Ma\u011fazalar Derne\u011fi\u00a0Genel Sekreterlik ekibi, \u00fcyeler ve y\u00f6netim kurulu aras\u0131nda etkin ileti\u015fim sa\u011flaman\u0131n yan\u0131 s\u0131ra proje ve e\u011fitim koordinasyonu, veri ve bilgi toplama ile uluslararas\u0131 kurulu\u015flarla ger\u00e7ekle\u015ftirilen i\u015f birliklerinin takibi gibi \u00f6nemli \u00e7al\u0131\u015fmalara imza at\u0131yor. Egemen Sayra\u00e7 Genel Sekreter esayrac@zincirmagazalar.org Benek [&hellip;]<\/p>\n","protected":false},"author":1,"featured_media":0,"parent":0,"menu_order":0,"comment_status":"closed","ping_status":"closed","template":"","meta":{"footnotes":""},"class_list":["post-211","page","type-page","status-publish"],"_links":{"self":[{"href":"https:\/\/www.zincirmagazalar.org\/index.php?rest_route=\/wp\/v2\/pages\/211","targetHints":{"allow":["GET"]}}],"collection":[{"href":"https:\/\/www.zincirmagazalar.org\/index.php?rest_route=\/wp\/v2\/pages"}],"about":[{"href":"https:\/\/www.zincirmagazalar.org\/index.php?rest_route=\/wp\/v2\/types\/page"}],"author":[{"embeddable":true,"href":"https:\/\/www.zincirmagazalar.org\/index.php?rest_route=\/wp\/v2\/users\/1"}],"replies":[{"embeddable":true,"href":"https:\/\/www.zincirmagazalar.org\/index.php?rest_route=%2Fwp%2Fv2%2Fcomments&post=211"}],"version-history":[{"count":18,"href":"https:\/\/www.zincirmagazalar.org\/index.php?rest_route=\/wp\/v2\/pages\/211\/revisions"}],"predecessor-version":[{"id":4400,"href":"https:\/\/www.zincirmagazalar.org\/index.php?rest_route=\/wp\/v2\/pages\/211\/revisions\/4400"}],"wp:attachment":[{"href":"https:\/\/www.zincirmagazalar.org\/index.php?rest_route=%2Fwp%2Fv2%2Fmedia&parent=211"}],"curies":[{"name":"wp","href":"https:\/\/api.w.org\/{rel}","templated":true}]}}

<div data-elementor-type="wp-page" data-elementor-id="211" class="elementor elementor-211">
						<section class="elementor-section elementor-top-section elementor-element elementor-element-b9ea0a4 elementor-section-boxed elementor-section-height-default elementor-section-height-default" data-id="b9ea0a4" data-element_type="section">
						<div class="elementor-container elementor-column-gap-default">
					<div class="elementor-column elementor-col-100 elementor-top-column elementor-element elementor-element-0bcf471" data-id="0bcf471" data-element_type="column">
			<div class="elementor-widget-wrap elementor-element-populated">
						<div class="elementor-element elementor-element-dd3f7ad elementor-widget elementor-widget-text-editor" data-id="dd3f7ad" data-element_type="widget" data-widget_type="text-editor.default">
				<div class="elementor-widget-container">
									<p>Zincir Mağazalar Derneği’nin kurumsal yapısı içerisinde, misyonunu en etkili şekilde yerine getirmesi için çalışan Zincir Mağazalar Derneği Genel Sekreterlik ekibi, üyeler ve yönetim kurulu arasında etkin iletişim sağlamanın yanı sıra proje ve eğitim koordinasyonu, veri ve bilgi toplama ile uluslararası kuruluşlarla gerçekleştirilen iş birliklerinin takibi gibi önemli çalışmalara imza atıyor. </p><p>Egemen Sayraç<br /><b>Genel Sekreter</b><br /><a href="mailto:esayrac@zincirmagazalar.org">esayrac@zincirmagazalar.org</a></p><p>Benek Gençeroğlu<br /><b>Muhasebe-Finans ve Üyelik </b><b>İşlemleri Yöneticisi</b><br /><a href="mailto:bgenceroglu@zincirmagazalar.org">bgenceroglu@zincirmagazalar.org</a></p>								</div>
				</div>
					</div>
		</div>
					</div>
		</section>
				</div>

<p>Zincir Mağazalar Derneği’nin kurumsal yapısı içerisinde, misyonunu en etkili şekilde yerine getirmesi için çalışan Zincir Mağazalar Derneği Genel Sekreterlik ekibi, üyeler ve yönetim kurulu arasında etkin iletişim sağlamanın yanı sıra proje ve eğitim koordinasyonu, veri ve bilgi toplama ile uluslararası kuruluşlarla gerçekleştirilen iş birliklerinin takibi gibi önemli çalışmalara imza atıyor. Egemen Sayraç Genel Sekreter esayrac@zincirmagazalar.org Benek [&hellip;]</p>
