{"id":1838,"date":"2021-09-17T08:05:34","date_gmt":"2021-09-17T08:05:34","guid":{"rendered":"https:\/\/www.zincirmagazalar.org\/?page_id=1838"},"modified":"2021-12-06T10:51:23","modified_gmt":"2021-12-06T10:51:23","slug":"konferans-2021","status":"publish","type":"page","link":"https:\/\/www.zincirmagazalar.org\/?page_id=1838","title":{"rendered":"Konferans 2021"},"content":{"rendered":"\t\t<div data-elementor-type=\"wp-page\" data-elementor-id=\"1838\" class=\"elementor elementor-1838\">\n\t\t\t\t\t\t<section class=\"elementor-section elementor-top-section elementor-element elementor-element-8805d54 elementor-section-boxed elementor-section-height-default elementor-section-height-default\" data-id=\"8805d54\" data-element_type=\"section\">\n\t\t\t\t\t\t<div class=\"elementor-container elementor-column-gap-default\">\n\t\t\t\t\t<div class=\"elementor-column elementor-col-100 elementor-top-column elementor-element elementor-element-3c1f235\" data-id=\"3c1f235\" data-element_type=\"column\">\n\t\t\t<div class=\"elementor-widget-wrap elementor-element-populated\">\n\t\t\t\t\t\t<div class=\"elementor-element elementor-element-71b7490 elementor-widget elementor-widget-image\" data-id=\"71b7490\" data-element_type=\"widget\" data-widget_type=\"image.default\">\n\t\t\t\t<div class=\"elementor-widget-container\">\n\t\t\t\t\t\t\t\t\t\t\t\t\t\t\t<img fetchpriority=\"high\" decoding=\"async\" width=\"1475\" height=\"826\" src=\"https:\/\/www.zincirmagazalar.org\/wp-content\/uploads\/2021\/09\/zmd-konferans-2021.jpg\" class=\"attachment-full size-full wp-image-1840\" alt=\"\" srcset=\"https:\/\/www.zincirmagazalar.org\/wp-content\/uploads\/2021\/09\/zmd-konferans-2021.jpg 1475w, https:\/\/www.zincirmagazalar.org\/wp-content\/uploads\/2021\/09\/zmd-konferans-2021-300x168.jpg 300w, https:\/\/www.zincirmagazalar.org\/wp-content\/uploads\/2021\/09\/zmd-konferans-2021-1024x573.jpg 1024w, https:\/\/www.zincirmagazalar.org\/wp-content\/uploads\/2021\/09\/zmd-konferans-2021-768x430.jpg 768w, https:\/\/www.zincirmagazalar.org\/wp-content\/uploads\/2021\/09\/zmd-konferans-2021-696x390.jpg 696w, https:\/\/www.zincirmagazalar.org\/wp-content\/uploads\/2021\/09\/zmd-konferans-2021-1068x598.jpg 1068w, https:\/\/www.zincirmagazalar.org\/wp-content\/uploads\/2021\/09\/zmd-konferans-2021-750x420.jpg 750w\" sizes=\"(max-width: 1475px) 100vw, 1475px\" \/>\t\t\t\t\t\t\t\t\t\t\t\t\t\t\t<\/div>\n\t\t\t\t<\/div>\n\t\t\t\t<div class=\"elementor-element elementor-element-b0b78a0 elementor-widget elementor-widget-text-editor\" data-id=\"b0b78a0\" data-element_type=\"widget\" data-widget_type=\"text-editor.default\">\n\t\t\t\t<div class=\"elementor-widget-container\">\n\t\t\t\t\t\t\t\t\t<h4><span style=\"color: #808080;\"><strong>8. Perakende Teknolojileri Konferans\u0131<\/strong><\/span><\/h4><h5><span style=\"color: #808080;\">8. Perakende Teknolojileri Konferans\u0131, her y\u0131l oldu\u011fu gibi bu y\u0131l da perakende sekt\u00f6r\u00fcyle teknoloji \u00e7\u00f6z\u00fcm ortaklar\u0131m\u0131z\u0131 bir araya getirmeye, \u00f6rnek uygulamalar\u0131 sahnede beraber sunmalar\u0131na imk\u00e2n sa\u011flamaya ve g\u00fcncel geli\u015fmeleri en etkileyici i\u00e7erikle sekt\u00f6re ula\u015ft\u0131rmaya devam edecek.<\/span><\/h5><h5><span style=\"color: #808080;\">Bu y\u0131l, i\u00e7inde bulundu\u011fumuz d\u00f6nem \u00e7er\u00e7evesinde konferans\u0131m\u0131z Ekim-Aral\u0131k aylar\u0131 aras\u0131nda 10 oturumluk webinar serisi \u015feklinde d\u00fczenlenecek.<\/span><\/h5><h5><span style=\"color: #808080;\">Her hafta \u00c7ar\u015famba g\u00fcn\u00fc, farkl\u0131 bir konuda, perakende sekt\u00f6r\u00fcn\u00fcn teknoloji konu\u015ftu\u011fu bir i\u00e7erikle bulu\u015fmak \u00fczere\u2026<\/span><\/h5><h5><span style=\"color: #808080;\"><strong>Detayl\u0131 Bilgi ve Kay\u0131t \u0130\u00e7in:<\/strong><\/span><br \/><span style=\"color: #808080;\"><strong>Benek Gen\u00e7ero\u011flu:<\/strong>\u00a0<span style=\"text-decoration: underline;\"><a class=\"ns-action\" style=\"color: #808080; text-decoration: underline;\" href=\"mailto:bgenceroglu@zincirmagazalar.org\" data-click-action=\"common.go\" data-params=\"new_window&amp;url=%23compose%2Fmailto%3Dbgenceroglu%2540kategorimagazaciligi.org\">bgenceroglu@<\/a><a class=\"ns-action\" style=\"color: #808080; text-decoration: underline;\" href=\"mailto:bgenceroglu@zincirmagazalar.org\" data-click-action=\"common.go\" data-params=\"new_window&amp;url=%23compose%2Fmailto%3Dskamci%2540kategorimagazaciligi.org\">zincirmagazalar.org<\/a><\/span><\/span><\/h5><h5><span style=\"color: #808080;\"><strong>Ula\u015f \u00d6ner:<\/strong>\u00a0<span style=\"text-decoration: underline;\"><a class=\"ns-action\" style=\"color: #808080; text-decoration: underline;\" href=\"mailto:ulas@alkas.com.tr\" data-click-action=\"common.go\" data-params=\"new_window&amp;url=%23compose%2Fmailto%3Dulas%2540alkas.com.tr\">ulas@alkas.com.tr<\/a><\/span><\/span><\/h5><h5 class=\"228bf8a64b8551e1MsoNormal\"><span style=\"color: #808080;\"><strong>Online Kay\u0131t ve \u00d6deme \u0130\u00e7in:<br \/><\/strong><a class=\"daria-goto-anchor\" style=\"color: #808080;\" href=\"https:\/\/alkas-platform.com\/register\/zmd-8-perakende-teknolojileri-konferansi-html\" target=\"_blank\" rel=\"noopener noreferrer\" data-vdir-href=\"https:\/\/mail.yandex.com.tr\/re.jsx?uid=1130000020532489&amp;c=LIZA&amp;cv=26.12.0&amp;mid=177047760351047643&amp;h=a,5r2_LAGXHQBtiNqRwnuV6Q&amp;l=aHR0cHM6Ly9hbGthcy1wbGF0Zm9ybS5jb20vcmVnaXN0ZXIvem1kLTgtcGVyYWtlbmRlLXRla25vbG9qaWxlcmkta29uZmVyYW5zaS1odG1s\" data-orig-href=\"https:\/\/alkas-platform.com\/register\/zmd-8-perakende-teknolojileri-konferansi-html\">https:\/\/alkas-platform.com\/register\/zmd-8-perakende-teknolojileri-konferansi-html<\/a><\/span><\/h5>\t\t\t\t\t\t\t\t<\/div>\n\t\t\t\t<\/div>\n\t\t\t\t<div class=\"elementor-element elementor-element-dd11d20 elementor-widget-divider--view-line elementor-widget elementor-widget-divider\" data-id=\"dd11d20\" data-element_type=\"widget\" data-widget_type=\"divider.default\">\n\t\t\t\t<div class=\"elementor-widget-container\">\n\t\t\t\t\t\t\t<div class=\"elementor-divider\">\n\t\t\t<span class=\"elementor-divider-separator\">\n\t\t\t\t\t\t<\/span>\n\t\t<\/div>\n\t\t\t\t\t\t<\/div>\n\t\t\t\t<\/div>\n\t\t\t\t\t<\/div>\n\t\t<\/div>\n\t\t\t\t\t<\/div>\n\t\t<\/section>\n\t\t\t\t<section class=\"elementor-section elementor-top-section elementor-element elementor-element-e124ffc elementor-section-boxed elementor-section-height-default elementor-section-height-default\" data-id=\"e124ffc\" data-element_type=\"section\">\n\t\t\t\t\t\t<div class=\"elementor-container elementor-column-gap-default\">\n\t\t\t\t\t<div class=\"elementor-column elementor-col-100 elementor-top-column elementor-element elementor-element-16593ba\" data-id=\"16593ba\" data-element_type=\"column\">\n\t\t\t<div class=\"elementor-widget-wrap elementor-element-populated\">\n\t\t\t\t\t\t<div class=\"elementor-element elementor-element-b0d5632 elementor-widget elementor-widget-heading\" data-id=\"b0d5632\" data-element_type=\"widget\" data-widget_type=\"heading.default\">\n\t\t\t\t<div class=\"elementor-widget-container\">\n\t\t\t\t\t<h2 class=\"elementor-heading-title elementor-size-default\">8 ARALIK OTURUMU<\/h2>\t\t\t\t<\/div>\n\t\t\t\t<\/div>\n\t\t\t\t\t<\/div>\n\t\t<\/div>\n\t\t\t\t\t<\/div>\n\t\t<\/section>\n\t\t\t\t<section class=\"elementor-section elementor-top-section elementor-element elementor-element-2117969 elementor-section-boxed elementor-section-height-default elementor-section-height-default\" data-id=\"2117969\" data-element_type=\"section\">\n\t\t\t\t\t\t<div class=\"elementor-container elementor-column-gap-default\">\n\t\t\t\t\t<div class=\"elementor-column elementor-col-100 elementor-top-column elementor-element elementor-element-4b67c0f\" data-id=\"4b67c0f\" data-element_type=\"column\">\n\t\t\t<div class=\"elementor-widget-wrap elementor-element-populated\">\n\t\t\t\t\t\t<div class=\"elementor-element elementor-element-e04e631 elementor-widget elementor-widget-image\" data-id=\"e04e631\" data-element_type=\"widget\" data-widget_type=\"image.default\">\n\t\t\t\t<div class=\"elementor-widget-container\">\n\t\t\t\t\t\t\t\t\t\t\t\t\t\t\t\t<a href=\"https:\/\/alkas-platform.com\/register\/zmd-8-perakende-teknolojileri-konferansi-html\" target=\"_blank\">\n\t\t\t\t\t\t\t<img decoding=\"async\" width=\"696\" height=\"915\" src=\"https:\/\/www.zincirmagazalar.org\/wp-content\/uploads\/2021\/12\/zmd-8aralik-lo-768x1010.jpg\" class=\"attachment-medium_large size-medium_large wp-image-2163\" alt=\"\" srcset=\"https:\/\/www.zincirmagazalar.org\/wp-content\/uploads\/2021\/12\/zmd-8aralik-lo-768x1010.jpg 768w, https:\/\/www.zincirmagazalar.org\/wp-content\/uploads\/2021\/12\/zmd-8aralik-lo-228x300.jpg 228w, https:\/\/www.zincirmagazalar.org\/wp-content\/uploads\/2021\/12\/zmd-8aralik-lo-779x1024.jpg 779w, https:\/\/www.zincirmagazalar.org\/wp-content\/uploads\/2021\/12\/zmd-8aralik-lo-1168x1536.jpg 1168w, https:\/\/www.zincirmagazalar.org\/wp-content\/uploads\/2021\/12\/zmd-8aralik-lo-696x915.jpg 696w, https:\/\/www.zincirmagazalar.org\/wp-content\/uploads\/2021\/12\/zmd-8aralik-lo-1068x1404.jpg 1068w, https:\/\/www.zincirmagazalar.org\/wp-content\/uploads\/2021\/12\/zmd-8aralik-lo-319x420.jpg 319w, https:\/\/www.zincirmagazalar.org\/wp-content\/uploads\/2021\/12\/zmd-8aralik-lo.jpg 1500w\" sizes=\"(max-width: 696px) 100vw, 696px\" \/>\t\t\t\t\t\t\t\t<\/a>\n\t\t\t\t\t\t\t\t\t\t\t\t\t\t\t<\/div>\n\t\t\t\t<\/div>\n\t\t\t\t\t<\/div>\n\t\t<\/div>\n\t\t\t\t\t<\/div>\n\t\t<\/section>\n\t\t\t\t<section class=\"elementor-section elementor-top-section elementor-element elementor-element-04ec863 elementor-section-boxed elementor-section-height-default elementor-section-height-default\" data-id=\"04ec863\" data-element_type=\"section\">\n\t\t\t\t\t\t<div class=\"elementor-container elementor-column-gap-default\">\n\t\t\t\t\t<div class=\"elementor-column elementor-col-100 elementor-top-column elementor-element elementor-element-a91c370\" data-id=\"a91c370\" data-element_type=\"column\">\n\t\t\t<div class=\"elementor-widget-wrap elementor-element-populated\">\n\t\t\t\t\t\t<div class=\"elementor-element elementor-element-fc784af elementor-widget-divider--view-line elementor-widget elementor-widget-divider\" data-id=\"fc784af\" data-element_type=\"widget\" data-widget_type=\"divider.default\">\n\t\t\t\t<div class=\"elementor-widget-container\">\n\t\t\t\t\t\t\t<div class=\"elementor-divider\">\n\t\t\t<span class=\"elementor-divider-separator\">\n\t\t\t\t\t\t<\/span>\n\t\t<\/div>\n\t\t\t\t\t\t<\/div>\n\t\t\t\t<\/div>\n\t\t\t\t<div class=\"elementor-element elementor-element-3233953 elementor-widget elementor-widget-text-editor\" data-id=\"3233953\" data-element_type=\"widget\" data-widget_type=\"text-editor.default\">\n\t\t\t\t<div class=\"elementor-widget-container\">\n\t\t\t\t\t\t\t\t\t<h3><span style=\"color: #333333;\"><strong>8. Perakende Teknolojileri Konferans\u0131 Program\u0131<\/strong><\/span><\/h3><ul><li><h5><span style=\"color: #808080;\">Yeni Normalden Ne Umduk Ne Bulduk?<\/span><\/h5><\/li><li><h5><span style=\"color: #808080;\">Perakendenin Gelece\u011fi: Online M\u0131? Offline M\u0131?<\/span><\/h5><\/li><li><h5><span style=\"color: #808080;\">E-Ticaret\u2019ten Neler \u00d6\u011frendik? Tamam M\u0131y\u0131z?<\/span><\/h5><\/li><li><h5><span style=\"color: #808080;\">Veriyi Okumak m\u0131, Korumak m\u0131 Daha Zor? M\u00fc\u015fteriyi Ne Kadar Anl\u0131yoruz?<\/span><\/h5><\/li><li><h5><span style=\"color: #808080;\">\u00c7al\u0131\u015fma Bi\u00e7imleri ve \u0130nsan D\u00f6n\u00fc\u015ft\u00fc! Peki ya Perakende?<\/span><\/h5><\/li><li><h5><span style=\"color: #808080;\">Pazarlamada Global Trendler<\/span><\/h5><\/li><li><h5><span style=\"color: #808080;\">M\u00fc\u015fteri Deneyimi ve Sat\u0131\u015fa Katk\u0131s\u0131<\/span><\/h5><\/li><li><h5><span style=\"color: #808080;\">Perakendede Omnichannel<\/span><\/h5><\/li><li><h5><span style=\"color: #808080;\">Operasyonda Makine Dokunu\u015fu<\/span><\/h5><\/li><li><h5><span style=\"color: #808080;\">Teknolojik Mevzuat<\/span><\/h5><\/li><\/ul>\t\t\t\t\t\t\t\t<\/div>\n\t\t\t\t<\/div>\n\t\t\t\t\t<\/div>\n\t\t<\/div>\n\t\t\t\t\t<\/div>\n\t\t<\/section>\n\t\t\t\t<\/div>\n\t\t","protected":false},"excerpt":{"rendered":"<p>8. Perakende Teknolojileri Konferans\u0131 8. Perakende Teknolojileri Konferans\u0131, her y\u0131l oldu\u011fu gibi bu y\u0131l da perakende sekt\u00f6r\u00fcyle teknoloji \u00e7\u00f6z\u00fcm ortaklar\u0131m\u0131z\u0131 bir araya getirmeye, \u00f6rnek uygulamalar\u0131 sahnede beraber sunmalar\u0131na imk\u00e2n sa\u011flamaya ve g\u00fcncel geli\u015fmeleri en etkileyici i\u00e7erikle sekt\u00f6re ula\u015ft\u0131rmaya devam edecek. Bu y\u0131l, i\u00e7inde bulundu\u011fumuz d\u00f6nem \u00e7er\u00e7evesinde konferans\u0131m\u0131z Ekim-Aral\u0131k aylar\u0131 aras\u0131nda 10 oturumluk webinar serisi \u015feklinde [&hellip;]<\/p>\n","protected":false},"author":2,"featured_media":906,"parent":0,"menu_order":0,"comment_status":"closed","ping_status":"closed","template":"","meta":{"footnotes":""},"class_list":["post-1838","page","type-page","status-publish","has-post-thumbnail"],"_links":{"self":[{"href":"https:\/\/www.zincirmagazalar.org\/index.php?rest_route=\/wp\/v2\/pages\/1838","targetHints":{"allow":["GET"]}}],"collection":[{"href":"https:\/\/www.zincirmagazalar.org\/index.php?rest_route=\/wp\/v2\/pages"}],"about":[{"href":"https:\/\/www.zincirmagazalar.org\/index.php?rest_route=\/wp\/v2\/types\/page"}],"author":[{"embeddable":true,"href":"https:\/\/www.zincirmagazalar.org\/index.php?rest_route=\/wp\/v2\/users\/2"}],"replies":[{"embeddable":true,"href":"https:\/\/www.zincirmagazalar.org\/index.php?rest_route=%2Fwp%2Fv2%2Fcomments&post=1838"}],"version-history":[{"count":98,"href":"https:\/\/www.zincirmagazalar.org\/index.php?rest_route=\/wp\/v2\/pages\/1838\/revisions"}],"predecessor-version":[{"id":2166,"href":"https:\/\/www.zincirmagazalar.org\/index.php?rest_route=\/wp\/v2\/pages\/1838\/revisions\/2166"}],"wp:featuredmedia":[{"embeddable":true,"href":"https:\/\/www.zincirmagazalar.org\/index.php?rest_route=\/wp\/v2\/media\/906"}],"wp:attachment":[{"href":"https:\/\/www.zincirmagazalar.org\/index.php?rest_route=%2Fwp%2Fv2%2Fmedia&parent=1838"}],"curies":[{"name":"wp","href":"https:\/\/api.w.org\/{rel}","templated":true}]}}